[INFO] cloning repository https://github.com/UpsetPelican/jc3_intro_skipp
[INFO] running `Command { std: "git" "-c" "credential.helper=" "-c" "credential.helper=/workspace/cargo-home/bin/git-credential-null" "clone" "--bare" "https://github.com/UpsetPelican/jc3_intro_skipp" "/workspace/cache/git-repos/https%3A%2F%2Fgithub.com%2FUpsetPelican%2Fjc3_intro_skipp", kill_on_drop: false }`
[INFO] [stderr] Cloning into bare repository '/workspace/cache/git-repos/https%3A%2F%2Fgithub.com%2FUpsetPelican%2Fjc3_intro_skipp'...
[INFO] running `Command { std: "git" "rev-parse" "HEAD", kill_on_drop: false }`
[INFO] [stdout] 8b4d56a5612b4d730d0483216307753f6bc3bfdf
[INFO] checking UpsetPelican/jc3_intro_skipp against master#9610dfe5a9a731ced1ea4923ecbd0c57fe367898 for beta-170-4
[INFO] running `Command { std: "git" "clone" "/workspace/cache/git-repos/https%3A%2F%2Fgithub.com%2FUpsetPelican%2Fjc3_intro_skipp" "/workspace/builds/worker-2-tc1/source", kill_on_drop: false }`
[INFO] [stderr] Cloning into '/workspace/builds/worker-2-tc1/source'...
[INFO] [stderr] done.
[INFO] validating manifest of git repo https://github.com/UpsetPelican/jc3_intro_skipp on toolchain 9610dfe5a9a731ced1ea4923ecbd0c57fe367898
[INFO] running `Command { std: CARGO_HOME="/workspace/cargo-home" RUSTUP_HOME="/workspace/rustup-home" "/workspace/cargo-home/bin/cargo" "+9610dfe5a9a731ced1ea4923ecbd0c57fe367898" "metadata" "--manifest-path" "Cargo.toml" "--no-deps", kill_on_drop: false }`
[INFO] started tweaking git repo https://github.com/UpsetPelican/jc3_intro_skipp
[INFO] finished tweaking git repo https://github.com/UpsetPelican/jc3_intro_skipp
[INFO] tweaked toml for git repo https://github.com/UpsetPelican/jc3_intro_skipp written to /workspace/builds/worker-2-tc1/source/Cargo.toml
[INFO] crate git repo https://github.com/UpsetPelican/jc3_intro_skipp already has a lockfile, it will not be regenerated
[INFO] running `Command { std: CARGO_HOME="/workspace/cargo-home" RUSTUP_HOME="/workspace/rustup-home" "/workspace/cargo-home/bin/cargo" "+9610dfe5a9a731ced1ea4923ecbd0c57fe367898" "fetch" "--manifest-path" "Cargo.toml", kill_on_drop: false }`
[INFO] running `Command { std: "docker" "create" "-v" "/var/lib/crater-agent-workspace/builds/worker-2-tc1/target:/opt/rustwide/target:rw,Z" "-v" "/var/lib/crater-agent-workspace/builds/worker-2-tc1/source:/opt/rustwide/workdir:ro,Z" "-v" "/var/lib/crater-agent-workspace/cargo-home:/opt/rustwide/cargo-home:ro,Z" "-v" "/var/lib/crater-agent-workspace/rustup-home:/opt/rustwide/rustup-home:ro,Z" "-e" "SOURCE_DIR=/opt/rustwide/workdir" "-e" "CARGO_TARGET_DIR=/opt/rustwide/target" "-e" "CARGO_HOME=/opt/rustwide/cargo-home" "-e" "RUSTUP_HOME=/opt/rustwide/rustup-home" "-w" "/opt/rustwide/workdir" "-m" "1610612736" "--user" "0:0" "--network" "none" "ghcr.io/rust-lang/crates-build-env/linux@sha256:19e73879b68f455e41552ea35293514db52ea292d993f571636dbffedb77a1ee" "/opt/rustwide/cargo-home/bin/cargo" "+9610dfe5a9a731ced1ea4923ecbd0c57fe367898" "metadata" "--no-deps" "--format-version=1", kill_on_drop: false }`
[INFO] [stdout] 45ec2c7a5b33662d1c78a2de25b3c92c1456cff98a57a8a631b2e410939fcf43
[INFO] running `Command { std: "docker" "start" "-a" "45ec2c7a5b33662d1c78a2de25b3c92c1456cff98a57a8a631b2e410939fcf43", kill_on_drop: false }`
[INFO] running `Command { std: "docker" "inspect" "45ec2c7a5b33662d1c78a2de25b3c92c1456cff98a57a8a631b2e410939fcf43", kill_on_drop: false }`
[INFO] running `Command { std: "docker" "rm" "-f" "45ec2c7a5b33662d1c78a2de25b3c92c1456cff98a57a8a631b2e410939fcf43", kill_on_drop: false }`
[INFO] [stdout] 45ec2c7a5b33662d1c78a2de25b3c92c1456cff98a57a8a631b2e410939fcf43
[INFO] running `Command { std: "docker" "create" "-v" "/var/lib/crater-agent-workspace/builds/worker-2-tc1/target:/opt/rustwide/target:rw,Z" "-v" "/var/lib/crater-agent-workspace/builds/worker-2-tc1/source:/opt/rustwide/workdir:ro,Z" "-v" "/var/lib/crater-agent-workspace/cargo-home:/opt/rustwide/cargo-home:ro,Z" "-v" "/var/lib/crater-agent-workspace/rustup-home:/opt/rustwide/rustup-home:ro,Z" "-e" "SOURCE_DIR=/opt/rustwide/workdir" "-e" "CARGO_TARGET_DIR=/opt/rustwide/target" "-e" "CARGO_INCREMENTAL=0" "-e" "RUST_BACKTRACE=full" "-e" "RUSTFLAGS=--cap-lints=forbid" "-e" "RUSTDOCFLAGS=--cap-lints=forbid" "-e" "CARGO_HOME=/opt/rustwide/cargo-home" "-e" "RUSTUP_HOME=/opt/rustwide/rustup-home" "-w" "/opt/rustwide/workdir" "-m" "1610612736" "--user" "0:0" "--network" "none" "ghcr.io/rust-lang/crates-build-env/linux@sha256:19e73879b68f455e41552ea35293514db52ea292d993f571636dbffedb77a1ee" "/opt/rustwide/cargo-home/bin/cargo" "+9610dfe5a9a731ced1ea4923ecbd0c57fe367898" "check" "--frozen" "--all" "--all-targets" "--message-format=json", kill_on_drop: false }`
[INFO] [stdout] e0b8e24e622e4201791ffbdc5717c5173fc460ad76eedc91a6a53de3e79d9f1b
[INFO] running `Command { std: "docker" "start" "-a" "e0b8e24e622e4201791ffbdc5717c5173fc460ad76eedc91a6a53de3e79d9f1b", kill_on_drop: false }`
[INFO] [stderr]     Checking jc3_intro_skipp v0.1.0 (/opt/rustwide/workdir)
[INFO] [stdout] error[E0308]: mismatched types
[INFO] [stdout]   --> src/main.rs:24:38
[INFO] [stdout]    |
[INFO] [stdout] 24 |     Command::new("cmd").args(&["/C", format!("cd {}", game_dir)] );
[INFO] [stdout]    |                                      ^^^^^^^^^^^^^^^^^^^^^^^^^^ expected `&str`, found `String`
[INFO] [stdout]    |
[INFO] [stdout]    = note: this error originates in the macro `format` (in Nightly builds, run with -Z macro-backtrace for more info)
[INFO] [stdout] 
[INFO] [stdout] 
[INFO] [stdout] error[E0308]: mismatched types
[INFO] [stdout]   --> src/main.rs:24:38
[INFO] [stdout]    |
[INFO] [stdout] 24 |     Command::new("cmd").args(&["/C", format!("cd {}", game_dir)] );
[INFO] [stdout]    |                                      ^^^^^^^^^^^^^^^^^^^^^^^^^^ expected `&str`, found `String`
[INFO] [stdout]    |
[INFO] [stdout]    = note: this error originates in the macro `format` (in Nightly builds, run with -Z macro-backtrace for more info)
[INFO] [stdout] 
[INFO] [stdout] 
[INFO] [stdout] error[E0308]: mismatched types
[INFO] [stdout]   --> src/main.rs:25:38
[INFO] [stdout]    |
[INFO] [stdout] 25 |     Command::new("cmd").args(&["/C", format!("mkdir {}", hacky_path)]);
[INFO] [stdout]    |                                      ^^^^^^^^^^^^^^^^^^^^^^^^^^^^^^^ expected `&str`, found `String`
[INFO] [stdout]    |
[INFO] [stdout]    = note: this error originates in the macro `format` (in Nightly builds, run with -Z macro-backtrace for more info)
[INFO] [stdout] 
[INFO] [stdout] 
[INFO] [stdout] error[E0308]: mismatched types
[INFO] [stdout]   --> src/main.rs:25:38
[INFO] [stdout]    |
[INFO] [stdout] 25 |     Command::new("cmd").args(&["/C", format!("mkdir {}", hacky_path)]);
[INFO] [stdout]    |                                      ^^^^^^^^^^^^^^^^^^^^^^^^^^^^^^^ expected `&str`, found `String`
[INFO] [stdout]    |
[INFO] [stdout]    = note: this error originates in the macro `format` (in Nightly builds, run with -Z macro-backtrace for more info)
[INFO] [stdout] 
[INFO] [stdout] 
[INFO] [stdout] error[E0308]: mismatched types
[INFO] [stdout]   --> src/main.rs:26:38
[INFO] [stdout]    |
[INFO] [stdout] 26 |     Command::new("cmd").args(&["/C", format!("type nul >> {}", hacky_file)]);
[INFO] [stdout]    |                                      ^^^^^^^^^^^^^^^^^^^^^^^^^^^^^^^^^^^^^ expected `&str`, found `String`
[INFO] [stdout]    |
[INFO] [stdout]    = note: this error originates in the macro `format` (in Nightly builds, run with -Z macro-backtrace for more info)
[INFO] [stdout] 
[INFO] [stdout] 
[INFO] [stdout] error[E0308]: mismatched types
[INFO] [stdout]   --> src/main.rs:26:38
[INFO] [stdout]    |
[INFO] [stdout] 26 |     Command::new("cmd").args(&["/C", format!("type nul >> {}", hacky_file)]);
[INFO] [stdout]    |                                      ^^^^^^^^^^^^^^^^^^^^^^^^^^^^^^^^^^^^^ expected `&str`, found `String`
[INFO] [stdout]    |
[INFO] [stdout]    = note: this error originates in the macro `format` (in Nightly builds, run with -Z macro-backtrace for more info)
[INFO] [stdout] 
[INFO] [stdout] 
[INFO] [stdout] error: aborting due to 3 previous errors
[INFO] [stdout] 
[INFO] [stdout] 
[INFO] [stdout] For more information about this error, try `rustc --explain E0308`.
[INFO] [stdout] 
[INFO] [stdout] error: aborting due to 3 previous errors
[INFO] [stdout] 
[INFO] [stdout] 
[INFO] [stdout] For more information about this error, try `rustc --explain E0308`.
[INFO] [stdout] 
[INFO] [stderr] error: could not compile `jc3_intro_skipp` (bin "jc3_intro_skipp") due to 4 previous errors
[INFO] [stderr] warning: build failed, waiting for other jobs to finish...
[INFO] [stderr] error: could not compile `jc3_intro_skipp` (bin "jc3_intro_skipp" test) due to 4 previous errors
[INFO] running `Command { std: "docker" "inspect" "e0b8e24e622e4201791ffbdc5717c5173fc460ad76eedc91a6a53de3e79d9f1b", kill_on_drop: false }`
[INFO] running `Command { std: "docker" "rm" "-f" "e0b8e24e622e4201791ffbdc5717c5173fc460ad76eedc91a6a53de3e79d9f1b", kill_on_drop: false }`
[INFO] [stdout] e0b8e24e622e4201791ffbdc5717c5173fc460ad76eedc91a6a53de3e79d9f1b
